the thousands digit of 18853794?
3
What is the hundred thousands digit of 496090?
4
What is the hundreds digit of 2658?
6
What is the tens digit of 1875072?
7
What is the tens digit of 11683514?
1
What is the hundreds digit of 44384?
3
What is the millions digit of 5531575?
5
What is the thousands digit of 140283?
0
What is the units digit of 3361158?
8
What is the millions digit of 5434583?
5
What is the thousands digit of 5479726?
9
What is the units digit of 236916?
6
What is the hundreds digit of 12595722?
7
What is the units digit of 166924?
4
What is the thousands digit of 307648?
7
What is the ten thousands digit of 78549?
7
What is the tens digit of 12626652?
5
What is the tens digit of 6230524?
2
What is the hundred thousands digit of 1268053?
2
What is the hundreds digit of 611480?
4
What is the units digit of 7324942?
2
What is the thousands digit of 3974996?
4
What is the ten thousands digit of 8909600?
0
What is the hundreds digit of 985332?
3
What is the hundreds digit of 147208?
2
What is the hundreds digit of 10669854?
8
What is the hundreds digit of 8616?
6
What is the ten thousands digit of 11556?
1
What is the units digit of 19919896?
6
What is the hundreds digit of 655798?
7
What is the millions digit of 1581442?
1
What is the thousands digit of 4191?
4
What is the thousands digit of 2578848?
8
What is the units digit of 172938?
8
What is the hundred thousands digit of 14313600?
3
What is the hundreds digit of 1698908?
9
What is the ten thousands digit of 83746?
8
What is the thousands digit of 1812476?
2
What is the thousands digit of 326464?
6
What is the tens digit of 4783966?
6
What is the thousands digit of 169169?
9
What is the millions digit of 1583612?
1
What is the units digit of 82302?
2
What is the ten thousands digit of 8009567?
0
What is the thousands digit of 1636619?
6
What is the units digit of 292370?
0
What is the hundred thousands digit of 4103289?
1
What is the thousands digit of 3110455?
0
What is the thousands digit of 975929?
5
What is the ten thousands digit of 219802?
1
What is the hundred thousands digit of 6191733?
1
What is the hundred thousands digit of 1352096?
3
What is the tens digit of 981035?
3
What is the thousands digit of 41893?
1
What is the thousands digit of 5879759?
9
What is the ten thousands digit of 2257760?
5
What is the millions digit of 1196083?
1
What is the millions digit of 12636102?
2
What is the units digit of 2403233?
3
What is the hundreds digit of 488698?
6
What is the tens digit of 150547?
4
What is the tens digit of 8561987?
8
What is the hundreds digit of 1075938?
9
What is the thousands digit of 355641?
5
What is the tens digit of 184176?
7
What is the ten thousands digit of 11491385?
9
What is the tens digit of 5318792?
9
What is the millions digit of 1410832?
1
What is the hundreds digit of 363772?
7
What is the ten thousands digit of 36329?
3
What is the tens digit of 28115393?
9
What is the units digit of 671739?
9
What is the ten thousands digit of 1891988?
9
What is the units digit of 7112009?
9
What is the ten thousands digit of 4902946?
0
What is the hundred thousands digit of 4097211?
0
What is the units digit of 878431?
1
What is the thousands digit of 668817?
8
What is the hundred thousands digit of 10004845?
0
What is the tens digit of 1732738?
3
What is the thousands digit of 203550?
3
What is the units digit of 1081322?
2
What is the hundreds digit of 875935?
9
What is the hundred thousands digit of 210114?
2
What is the units digit of 3281384?
4
What is the tens digit of 2806952?
5
What is the hundreds digit of 36036?
0
What is the ten thousands digit of 2397238?
9
What is the tens digit of 555466?
6
What is the ten thousands digit of 1162017?
6
What is the hundreds digit of 3186142?
1
What is the hundreds digit of 27932546?
5
What is the thousands digit of 31629?
1
What is the ten thousands digit of 722307?
2
What is the ten thousands digit of 225949?
2
What is the hundreds digit of 8394158?
1
What is the thousands digit of 475997?
5
What is the hundred thousands digit of 11282847?
2
What is the units digit of 2170407?
7
What is the tens digit of 64239?
3
What is the hundreds digit of 2158602?
6
What is the units digit of 784770?
0
What is the hundred thousands digit of 571362?
5
What is the tens digit of 7379073?
7
What is the hundreds digit of 173755?
7
What is the millions digit of 1442689?
1
What is the tens digit of 320694?
9
What is the hundreds digit of 5355889?
8
What is the millions digit of 10689873?
0
What is the ten millions digit of 10058744?
1
What is the millions digit of 5064296?
5
What is the tens digit of 276565?
6
What is the units digit of 192099?
9
What is the hundreds digit of 665876?
8
What is the ten thousands digit of 4575608?
7
What is the thousands digit of 13007089?
7
What is the units digit of 3493811?
1
What is the thousands digit of 13941991?
1
What is the ten millions digit of 37494891?
3
What is the ten thousands digit of 19071311?
7
What is the hundreds digit of 1778488?
4
What is the units digit of 3126574?
4
What is the hundred thousands digit of 486962?
4
What is the hundred thousands digit of 692965?
6
What is the millions digit of 9407483?
9
What is the thousands digit of 1199830?
9
What is the hundreds digit of 4014780?
7
What is the thousands digit of 97005?
7
What is the thousands digit of 2123415?
3
What is the units digit of 1679876?
6
What is the units digit of 32245?
5
What is the hundreds digit of 1899461?
4
What is the tens digit of 130372?
7
What is the hundreds digit of 131367?
3
What is the ten thousands digit of 252093?
5
What is the hundred thousands digit of 145558?
1
What is the tens digit of 1166438?
3
What is the thousands digit of 136729?
6
What is the hundreds digit of 457292?
2
What is the ten thousands digit of 401907?
0
What is the units digit of 14877275?
5
What is the hundred thousands digit of 1211405?
2
What is the hundreds digit of 162660?
6
What is the tens digit of 2042588?
8
What is the ten thousands digit of 387359?
8
What is the thousands digit of 13410195?
0
What is the thousands digit of 1261667?
1
What is the ten thousands digit of 325760?
2
What is the ten thousands digit of 7159311?
5
What is the hundreds digit of 29881608?
6
What is the ten thousands digit of 1651144?
5
What is the thousands digit of 26852072?
2
What is the millions digit of 2231676?
2
What is the hundred thousands digit of 1790498?
7
What is the thousands digit of 2299098?
9
What is the ten thousands digit of 574363?
7
What is the thousands digit of 4308797?
8
What is the units digit of 120973?
3
What is the units digit of 1857330?
0
What is the hundreds digit of 1963854?
8
What is the thousands digit of 5159?
5
What is the units digit of 160073?
3
What is the hundreds digit of 114962?
9
What is the millions digit of 7824740?
7
What is the tens digit of 2249648?
4
What is the hundreds digit of 211350?
3
What is the hundred thousands digit of 5826628?
8
What is the tens digit of 708829?
2
What is the tens digit of 1117722?
2
What is the hundreds digit of 1869455?
4
What is the tens digit of 753318?
1
What is the ten thousands digit of 51662?
5
What is the millions digit of 16324063?
6
What is the hundreds digit of 3578921?
9
What is the units digit of 593969?
9
What is the tens digit of 440649?
4
What is the ten millions digit of 19624899?
1
What is the millions digit of 1654080?
1
What is the hundred thousands digit of 626073?
6
What is the hundreds digit of 750213?
2
What is the thousands digit of 2704900?
4
What is the thousands digit of 215252?
5
What is the hundreds digit of 375443?
4
What is the thousands digit of 323167?
3
What is the units digit of 5029061?
1
What is the hundreds digit of 56179?
1
What is the tens digit of 1515781?
8
What is the thousands digit of 561808?
1
What is the units digit of 1585164?
4
What is the units digit of 28649193?
3
What is the ten thousands digit of 226754?
2
What is the hundred thousands digit of 5217815?
2
What is the thousands digit of 305369?
5
What is the units digit of 33615?
5
What is the hundreds digit of 13215394?
3
What is the units digit of 120486?
6
What is the hundreds digit of 29424?
4
What is the ten thousands digit of 1503828?
0
What is the ten